
Let u(f) = 25*f + 7. Let w(i) = -51*i - 13. Let n(b) = -11*u(b) - 6*w(b). Let a(q) = q + 4. Let s be a(-3). What is the tens digit of n(s)?
3
Let s = -9 - -11. Suppose 0 = -s*o + 2 + 6. Suppose -4*i - 5*k + 45 + o = 0, -4*k = -i + 7. What is the tens digit of i?
1
Suppose -48*b - 8210 = -53*b. What is the tens digit of b?
4
Let o(b) = 12*b**2 - 5*b - 11*b**2 - 10*b + 6 + 2*b. What is the units digit of o(18)?
6
Suppose -4*c + p + 46 = -115, c - 29 = -2*p. Let x = -30 + c. Suppose 0 = -x*j + 4*j + 390. What is the units digit of j?
8
Let d be (4/(-6))/(8/(-36)). Suppose -d*g + 34 = 5*k, 3*k - 6 = 2*g + g. Suppose -z = g - 19. What is the tens digit of z?
1
Let p = 90 + -88. Suppose 0*h = -p*h + x + 221, 0 = h + 2*x - 113. What is the hundreds digit of h?
1
Let j = 268 - 32. What is the hundreds digit of j?
2
Suppose 5*z - 30 = 10. Suppose -5 = -b + i, 3*b - 21 = z*i - 3*i. What is the units digit of b?
2
Let t = 51 - 30. Suppose 3*x - 3 = t. Suppose -3*m + x = c - 45, 0 = c - 2. What is the units digit of m?
7
Suppose 2*p - 1 = -b, -3*b = p - 2*p - 17. Suppose -o - 4*t + 84 = 0, 2*o = -2*o - b*t + 369. Suppose -2*i = -48 - o. What is the units digit of i?
2
Let z be (1 - -1)/(-2) + 8. Let i(s) = 3*s**2 - 5*s + 3. Let y be i(z). Suppose -3*d + y = 28. What is the tens digit of d?
2
Suppose -2*p + p = 3*v - 9, 2*p = v + 4. Suppose m + 24 = p. Let k = 22 + m. What is the units digit of k?
1
Let y(s) = -2*s**2 + 8*s + 19. Let f be y(6). What is the units digit of (-1 - 0 - -15) + (-5)/f?
5
Suppose 4*w - 124 = -2*j, 5*j - 14*w - 245 = -11*w. What is the tens digit of j?
5
Let n(p) = -p**2 + p + 15. Let g = -19 + 19. What is the tens digit of n(g)?
1
Let k(y) = 4*y - 9. Let u(b) = -8*b + 19. Let d(x) = 11*k(x) + 6*u(x). What is the tens digit of d(-6)?
3
Let a be (3 + 8/(-2))*-3. Suppose -222 = a*d - 9*d. What is the tens digit of d?
3
Suppose 0*b = 5*b - 15. Let m(w) = -3 + 11 - w**2 - 4*w + w**b + 4*w + w. What is the units digit of m(0)?
8
Let q(a) = 81 - 167 + 12*a**2 - 8*a + 85. What is the tens digit of q(3)?
8
What is the thousands digit of 210/(-42) + 1565 + 2?
1
Let t(y) be the first derivative of -11*y**2/2 - 76*y + 40. What is the tens digit of t(-11)?
4
Suppose 2*f + 0 = -a - 1, -5*f - 4*a = 4. Suppose g + 38 = -f*r + 2*r, -r - 2*g + 24 = 0. Let p = r + 1. What is the units digit of p?
1
Let x = -26 - -17. What is the hundreds digit of 3/9 + (-1221)/x + 2?
1
Suppose 5*y + 3*k - 2574 = -0*k, -6 = 3*k. What is the hundreds digit of y?
5
Let b = 72 - -11. Suppose 4*o = 2*i - 60, o = 5*i - 112 - b. What is the units digit of i?
0
Let a = -30 - -38. Let t(z) = 2*z**2 - 11*z - 4. What is the units digit of t(a)?
6
Suppose -3*u + 2137 = -u - 5*p, -2*u = 5*p - 2087. What is the thousands digit of u?
1
Suppose -8*p - 8 = -9*p. What is the units digit of 54*5/30*p?
2
Suppose -18*t - 1094 = -36932. What is the units digit of t?
1
Let s(g) = -g**3 + 3*g**2 - 3*g + 1. Suppose 17 = -3*d + 4*q, 4*d + 4 + 4 = -2*q. Let m be s(d). Suppose 0 = 3*t - m - 41. What is the tens digit of t?
3
Let x be (-11)/(-11) - -4*1. Suppose -14*z = -x*z - 1098. What is the units digit of z?
2
Let r = 1 - -6. What is the units digit of 0/(-3) - (-133 + r)?
6
Let z = 319 - 123. Let g = z + -74. What is the tens digit of g?
2
Let x(a) = 151*a**2 - a - 2. Let y be x(-1). Let t = y - 85. What is the tens digit of t?
6
Let j = -58 - -60. Let u be (-10)/(-8) - 1/4. Suppose 0 = -j*d + u + 99. What is the tens digit of d?
5
Let w = 2 + -138. What is the tens digit of -5 + 1 - (w + -1) - -1?
3
Suppose -y - 197 = -24. Let o = y - -249. What is the tens digit of o?
7
Suppose 58*d = 65*d - 14217. What is the units digit of d?
1
Let n = -22 + 26. Let k be 6 + 1 - (n + -1). Suppose -3*s = -3*b + 117, -3*b + 8*b + k*s - 150 = 0. What is the units digit of b?
4
Let q(a) = -3*a**3 - a**2. Let d be q(-3). What is the units digit of (d/(-16) - (-1)/(-6))*-33?
4
Let f(b) = 159*b**3 + 3*b - 5. What is the units digit of f(1)?
7
Let d(x) = 21*x**2 + 3*x + 1. Suppose -4*g - t = -6*g, 2*g + t + 8 = 0. What is the tens digit of d(g)?
7
Suppose 2*i + 3*i = 2*j - 65, 3*i = j - 34. Let r be (-2 - -11) + (2 - 0) + -1. Let k = j - r. What is the tens digit of k?
1
Let t(c) = c**3 + 19*c**2 + 9*c + 9. What is the hundreds digit of t(-8)?
6
Let b be (-5)/(-15)*(-2 - -5). Suppose -x + 10 = b. Suppose 0 = x*q - 13*q + 112. What is the units digit of q?
8
Let j(v) = -v**3 + 43*v**2 - 17*v + 151. What is the thousands digit of j(42)?
1
Let m = -12 - 20. Let j be m/(-18) - (-18)/81. Suppose -j*f + 12 = 2*w - 4, 3*w + 31 = 2*f. What is the tens digit of f?
1
Let m = 11150 - 6194. What is the thousands digit of m?
4
Let i(p) = -5*p + 4. Let w be (-6)/(-18) + 92/(-6). Let u = w + 9. What is the tens digit of i(u)?
3
What is the units digit of 2/19 - (221304/(-76) - -5)?
7
Let l(w) = 93*w**2 - w + 1. Let v be (-2)/(-16) + 14/16. Let z be l(v). Suppose o - 5*a - 14 = 0, -2*o - 2*a = a - z. What is the units digit of o?
9
Let d = -105 - -165. Suppose 3*l - d = 7*l. What is the tens digit of (4 + l/3)*-20?
2
Let y(i) = 2*i - 19. Let h be y(11). Suppose -h*c + 174 = -204. What is the tens digit of c?
2
Let h be (-570)/20 - (-1)/2. Let o be h/(-3)*6/(-4). Let g = o + 42. What is the units digit of g?
8
Suppose -36*z = -33*z - 7389. What is the units digit of z?
3
Let l = 8181 - 5568. What is the thousands digit of l?
2
Let c = 1 - -2. Let z(y) = -y**3 + 4*y**2 - 2*y - 1. Let o be z(c). Suppose -d + 7 - 2 = 0, 2*j = -o*d + 74. What is the tens digit of j?
3
Let m = -242 + 368. What is the tens digit of m?
2
Let q(i) be the third derivative of -5*i**4/12 + i**3/2 - 6*i**2. What is the units digit of q(-4)?
3
Suppose 2*f - 4*f = 0. Let p(h) = -h**3 - 2*h**2 + h + 3. Let x be p(f). Suppose x*c = 101 + 34. What is the tens digit of c?
4
Let o(r) = -r**2 - 2*r - 21. Let j be o(0). Let z = 85 - j. What is the hundreds digit of z?
1
Suppose 17*s = -3*t + 18*s + 4502, 4 = 4*s. What is the hundreds digit of t?
5
Suppose -5*m = -3538 - 2257. What is the thousands digit of m?
1
Let t be (-1)/(3/84) - -4. Let m = -16 - t. Let f = 14 - m. What is the units digit of f?
6
Suppose 4*a + 6*o - 552 = 2*o, -3*a + 2*o + 429 = 0. What is the hundreds digit of a?
1
Suppose y - 90 = -5*q, -q + 3*y - 36 = -3*q. Let c = q + -4. What is the units digit of c?
4
Let s(y) = -35*y**3 - 6*y - 6. What is the units digit of s(-3)?
7
Suppose 3*i - 62433 = -18*i. What is the thousands digit of i?
2
Let w(g) = 68*g + 2. Let k(a) = -67*a - 2. Let n(c) = 3*k(c) + 2*w(c). What is the units digit of n(-1)?
3
Let g(j) = -17*j + 20. Let c(n) be the third derivative of n**4/3 - 5*n**3/3 + 10*n**2. Let f(y) = 5*c(y) + 2*g(y). What is the units digit of f(4)?
4
Let p(f) = 3*f**3 + 9*f**2 + 10*f + 1. What is the units digit of p(5)?
1
Let n = 9 - 7. Let j(h) = -h - 4*h**2 + 2*h**2 + 3*h**n + 4*h. What is the units digit of j(-4)?
4
Let b = 3272 + -2275. Suppose -4*s - 5 + b = 0. What is the hundreds digit of s?
2
Suppose -3*j + 298 = -5*x, 3*x + 3 = 6*x. What is the tens digit of j?
0
Let s(p) = p**2 - 4*p - 4. Let c be s(3). Let x be c/(-5) - (-3)/5. Suppose m + 2*d = 6, -2 = 2*m - 5*m + x*d. What is the units digit of m?
2
Let v(f) = 17*f**2 - 15*f + 56. What is the units digit of v(-9)?
8
Let d(m) = -m**2 + 7*m - 11. Let n be d(5). Let q be n + 2 + 110/10. What is the tens digit of 1/3 - (-452)/q?
3
Suppose -3*r - g + 20 = 3*g, -g = -2*r + 6. Suppose r*a - 6*a + 28 = 0. What is the tens digit of a?
1
Suppose -48*q + 30756 = -15*q. What is the units digit of q?
2
Let r(x) = -x**2 - 8*x. Let q be r(-8). Suppose -2*c + 84 = -5*k - 11, q = 3*k - 5*c + 38. Let l = 18 - k. What is the tens digit of l?
3
Let v(i) = i**3 - 11*i**2 - 27*i + 12. Let l be v(13). Let b(s) = -79*s - 2. What is the tens digit of b(l)?
7
Suppose 25975 = 4*t + 3*p, -12*t + 14*t - 5*p - 13007 = 0. What is the hundreds digit of t?
4
Suppose 12 = d + 2*d. Suppose -225 = -5*x + 4*g, 93 = -2*x + d*x - g. Suppose p - x = -18. What is the tens digit of p?
3
Let a = 27 + -1. Suppose 30 = -g + a. What is the tens digit of -6*28/g - 2?
4
Let i(m) = -3*m**3 - 15*m - 6. What is the units digit of i(-5)?
4
Suppose 2*t + 566 - 2316 = 0. Suppose -t = -11*p + 93. What is the tens digit of p?
8
Suppose 42